Let l(j) = j**2 - j + 484. Let b be l(0). Let c = b - p. Is c prime?
False
Let k be (-26 - -5)/3 - -288. Let j = k + 90. Is j a composite number?
True
Is 74 + 1107512 + 29 + 2*(-2)/(-1) composite?
False
Let i(t) = 429*t - 2. Let s be i(-4). Let l be (4 - s/1) + 5. Let q = -1033 + l. Is q composite?
True
Suppose 3*z + 480232 = 2*x, x - 177813 - 62302 = z. Is x a prime number?
True
Let z(p) be the first derivative of p**4/2 + 5*p**3/3 + 9*p**2/2 + p + 3. Let q be z(9). Suppose q = -5*i + 10*i. Is i prime?
True
Suppose 5*j = 3*j - 1258. Suppose 5*t - 3*k - 836 = -7*k, 4*k + 4 = 0. Let a = t - j. Is a prime?
True
Suppose 2*p - 281236 = -35*n + 30*n, 281224 = 2*p + 3*n. Is p composite?
False
Let q be (85/(-35) - -2) + (-3)/(-7). Suppose 3*x = 2*d - 285, q = -5*d - x + 449 + 238. Suppose -d = -a + 73. Is a prime?
True
Let g(b) = -2956*b - 15. Let j be (-2)/4*11/((-88)/(-32)). Is g(j) a prime number?
True
Let f = 1133 - 809. Let p = f - 7. Is p a prime number?
True
Let c be 21/(-27) + 4/(-18). Let j be 19 - 0 - (c + -3). Suppose 2 + j = 5*o, 5*o = -5*q + 3320. Is q prime?
True
Let o be (-2)/((-4)/(-10) - 27636/69165). Let h = -6576 - o. Let y = -1078 - h. Is y a prime number?
True
Suppose -39*d = 31788 - 15104 + 31949. Let a(h) = 275*h**3 - 2*h**2 + 1. Let t be a(-1). Let k = t - d. Is k a prime number?
True
Suppose 0 = 6*t - 12445 - 37896 + 11743. Is t composite?
True
Is ((-6)/8)/((-5779726)/(-4334808) + 260/(-195)) a prime number?
True
Suppose 0 = w + 3*i + 4, -4*w = 4*i - 4 - 4. Suppose w*k = 2*y - 3*y + 2174, -2*y + 4362 = -4*k. Is y composite?
False
Suppose 3*u + 0 = 99. Let g = -33 + u. Is -2 + (-1 - g) + 273 + -3 a prime number?
False
Let h = 271 + -271. Suppose -5*p = f - 55, 3*f = -p + 6*p - 55. Suppose -p*a + 22*a - 28655 = h. Is a a prime number?
False
Let f = -68 - -76. Suppose 3*v + h = -8, -2*h = 4*v - 2*v + f. Is 4 + 2/v*-33 prime?
True
Suppose 0 = 7*r + 11*r - 3*r. Suppose -4*v = -4*u + 336, 0*u - 3*u = -v - 258. Suppose 4*j - u - 49 = r. Is j a composite number?
True
Suppose -21133097 = 73*q - 9617667 - 103671433. Is q a prime number?
True
Suppose -8*o - 1763 + 7267 = 0. Let m = o + -289. Suppose 3*y = -3*k + 1195 + 77, y - 4*k = m. Is y prime?
True
Suppose -4*c - 20230 = 2*m - 121238, -2*c - 3*m = -50500. Is c a composite number?
False
Let y be (-1606 + 15)*(-6)/(-3). Let a = -319 - y. Is a a composite number?
True
Let r(a) = -150*a**3 + 4*a**2 + a + 7. Is r(-4) a prime number?
False
Let b = -175287 + 311246. Is b a composite number?
True
Suppose -63 = -29*y + 22*y. Suppose y*n = 11*n - 154. Is n prime?
False
Suppose 328*f - 355*f = -219861. Is f a composite number?
True
Suppose -5*v + 22 = 2. Let a be (-4 - 1)/(v + -3). Let b(c) = 28*c**2 + 4*c - 7. Is b(a) a prime number?
True
Let k(i) = 3*i + 18. Let h(v) = -5*v - 37. Let b(f) = 2*h(f) + 5*k(f). Let t be b(3). Suppose -t*a = -26*a - 1325. Is a a composite number?
True
Suppose -3*w + 0*w = -78297. Is w a prime number?
True
Let j(t) = t**3 + 3*t**2 - 6*t - 7. Let q be j(-4). Let k(n) = -358*n. Let m be k(1). Is (m/2 + q)*(-66)/12 composite?
True
Suppose -14396012 = -134*l - 182*l. Is l prime?
True
Suppose -88*w = -6636433 - 2900743. Is w composite?
False
Let m(c) = -230*c**3 - 23*c**2 - 80*c - 100. Is m(-9) a prime number?
False
Let m be 826 - (-2*1 - -3). Let f(c) = 16*c**3 + 10*c**2 - 5. Let l be f(-3). Let h = l + m. Is h prime?
False
Let q = 67748 + -46887. Is q prime?
False
Let l = 17 - 20. Let c be l/(-4)*(-72)/(-27). Suppose -z = -c, 4*z + 6816 = 5*p - 531. Is p composite?
False
Let k = -420 + 290. Is (k + -1)*-1*3 a composite number?
True
Is (-14)/(-4)*((-4500504)/(-84) - 4) a prime number?
True
Let u be (3*-1)/(18/(-24)). Let h(c) = 9*c**2 + 2*c + 12. Let t(l) = -20*l**2 - 4*l - 23. Let p(g) = -5*h(g) - 3*t(g). Is p(u) a composite number?
False
Is 74255 - 16/(-10)*50/20 - 2 composite?
False
Let h(c) = -8 - c - 6 + 4 - 6 - 8*c**3. Let k be h(-7). Let m = k - 1618. Is m a prime number?
True
Suppose 137*r - 1455357 - 1456852 = 0. Is r composite?
True
Suppose 24*y = 3*y - 22*y + 2448377. Is y a prime number?
False
Let m be 4/10 + 48816/(-90). Let b(a) = 113*a - 27. Let g be b(12). Let d = m + g. Is d composite?
False
Suppose -378*z - 12097140 = -135513006. Is z composite?
False
Suppose 0 = -4*w - 4*z + 68880, -63*w + 17221 = -62*w + 2*z. Is w a prime number?
False
Let j be (3 + (-40)/16)*(46 + 2). Is (-3)/(-12) - (-32274)/j composite?
True
Let p(l) = -l + 17. Let n be p(12). Suppose u - 4 = -n*k - 2, 3*u - 2*k = 23. Suppose 250 = 5*r - 4*o, 4*o = -r + 33 - u. Is r composite?
True
Is (-13)/((-975)/(-30)) - 4859163/(-45) composite?
False
Let q(p) = 38429*p**2 + 11*p - 10. Let g be q(1). Suppose 7092 = -6*o + g. Is o composite?
True
Let a = 21847 - 2396. Is a a prime number?
False
Suppose 3*x - 26 = -2. Let o(c) = 11*c**2 - 14*c - 10. Let n be o(x). Suppose 4 = 4*p, 2*m - p = 3*p + n. Is m a composite number?
False
Let c(m) = 1167*m**2 - 130*m + 125. Is c(13) composite?
True
Let m(b) = 44 - 3 + 29*b + 9*b + 5. Let t be m(24). Suppose 35*a - 37*a = -t. Is a composite?
False
Let s(h) = -76*h + 66*h - 7 + 2. Let b be s(-2). Is 2/10 + 2352/b a prime number?
True
Let q = 9 + 18. Suppose 0 = 3*y + 3*a - 644 - 1885, -3*y = a - 2519. Suppose -q*g + y = -25*g. Is g a prime number?
True
Let s = -44459 + 79044. Is s composite?
True
Suppose 65*h - 60*h - 110 = 0. Suppose -h = -u + 40. Is u composite?
True
Suppose 0 = -4*c - m - 86, 24 = 4*c - 5*m + 98. Let s be (-1)/3 + (-406)/c + -3. Suppose s*w + 63415 = 27*w. Is w a prime number?
False
Is (98/(-14))/((9/49341)/(-3)) a composite number?
True
Let y be 0 + ((-9)/3 - (4 + 0)). Let l(a) = -5*a + a**2 + 2*a + 6 + 3. Is l(y) composite?
False
Let s(j) be the second derivative of j**5/30 + 5*j**4/6 + 7*j**3/6 + 6*j**2 + 13*j. Let a(k) be the first derivative of s(k). Is a(11) a prime number?
False
Let q be 4*6/48*(-2 + -82). Is (7453 - q) + (2 - -2) prime?
True
Suppose k + 557 = 5*z + 59, 503 = -k + 4*z. Let j = 7248 - k. Is j prime?
False
Let z = 3405002 + -246383. Is z a prime number?
False
Let a(d) = d**3 - 3*d**2 + 15*d - 4. Let z be a(11). Suppose 2*c - 2197 = z. Is c prime?
True
Let m(t) = 2*t - 8. Let h be m(6). Let n be 229*13 - (-462)/(-42). Is n - h*6/8 a prime number?
True
Let k be -4*21/15*(-60)/(-24). Is (-20991)/(-7) - 4/k prime?
True
Let h be 793378/5 - ((-81)/15 - -5). Suppose 0 = -23*u + 35*u - h. Is u composite?
True
Suppose 9 - 27 = -6*r. Suppose r*u - 3*t = 4980, 3435 = 2*u - 4*t + 109. Is u prime?
True
Let v(b) = 1356*b - 1330*b + 29 + 1189*b. Is v(4) composite?
False
Let m(f) = 6*f - 27. Let c be m(6). Is (12/c)/((-72)/(-198234)) a composite number?
False
Let u be ((-277)/(-1))/((-7)/(-7)). Let x = u - -3044. Suppose 7*o = x + 1397. Is o composite?
True
Suppose -268*j + 1376 = -266*j. Let d = j - -58. Is d prime?
False
Let l be ((-18)/(-6) + 8)*2. Let g(c) = 9*c**2 - 50*c + 13. Is g(l) a prime number?
False
Suppose -3*h - 348854 = 9*o - 16*o, 0 = -3*h - 9. Is o composite?
True
Is 2/13 - ((7 - 14888750/130) + -5) a prime number?
False
Let l(v) = 241*v**2 - 121*v + 17. Is l(11) prime?
True
Let d = -80 - -135. Let r be 79*5/d - 6/33. Is 2*(((-39081)/(-6))/r - 0) a prime number?
True
Let i(o) = -17*o + 20*o + 11 + 1. Let n be i(0). Is (-11686)/(-18) + n/(-54) prime?
False
Let o = 1509496 + -782039. Is o a prime number?
False
Suppose -3*y - 4*m = 564 + 712, 0 = -2*y - 3*m - 851. Let f = 705 + y. Let v = 836 + f. Is v a composite number?
False
Let h(j) = j**2 + 3*j - 5. Let n be h(2). Is (-1)/(-6)*291 - n/(-2) a prime number?
False
Let a = -109 + 109. Let t(b) = b**2 + 118. Is t(a) composite?
True
Let f(p) = p - 1. Suppose 0 = s - x, s + 2*s + 3*x = -6. Let h(q) = -48*q - 18. Let w(g) = s*h(g) - f(g). Is w(5) a composite number?
True
Suppose 0 = x + 4*x + o - 8220, -6585 = -4*x + o. Suppose -450 - x = -5*m. Is m a prime number?
True
Let p(i) = -2984*i**3 - 18*i**2 - 36*i + 1. Is p(-3) composite?
True
Let o = -47734 + 93245. Is o a prime number?
False
Suppose 2*i = -5*y + 10935, -3*i + 5*i = 0. Suppose 5008 = 5*k - y. Is k prime?
True
Let v(f) = f**2 - 21*f + 23. Let s = 14 - 17. Let x(c) = c - 14. Let d be x(s). Is v(d) prime?
False
Let p be -14*(-10)/24*6. Suppose -p*k + 122648 - 10053 = 0. Is k prime?
True
Suppose -3*t + 688